{"id":11,"date":"2025-09-15T19:33:28","date_gmt":"2025-09-15T22:33:28","guid":{"rendered":"https:\/\/www.trevipart.com\/site\/?page_id=11"},"modified":"2026-01-07T15:08:08","modified_gmt":"2026-01-07T18:08:08","slug":"athon-residence","status":"publish","type":"page","link":"https:\/\/www.trevipart.com\/site\/athon-residence\/","title":{"rendered":"Athon Residence"},"content":{"rendered":"<div style=\"display: none;\">\n<p>athon residence passo fundo apartamento passo fundo, trevipart em passo fundo, venda, passo fundo RS, venda e athon residence contrutora passo fundo<\/p>\n<h1>venda em passo fundo,\u00a0trevipart passo fundo, apartamento passo fundo,<\/h1>\n<h2>venda em passo fundo, athon residence passo fundo e regi\u00e3o, apartamento passo fundo em passo fundo, venda venda trevipart athon residence contrutora passo fundo, athon residence em passo fundo rs, venda, para passo fundo e regi\u00e3o, venda para passo fundo e regi\u00e3o\u00a0athon residence contrutora athon residence contrutora passo fundo de venda em passo fundo, athon residence passo fundo e regi\u00e3o, apartamento passo fundo em passo fundo, venda venda trevipart athon residence contrutora passo fundo, athon residence em passo fundo rs, venda,<a title=\"athon residence contrutora athon residence contrutora passo fundo de venda em passo fundo, athon residence passo fundo e regi\u00e3o, apartamento passo fundo em passo fundo, venda venda trevipart athon residence contrutora passo fundo, athon residence em passo fundo rs, venda, para passo fundo e regi\u00e3o, venda para passo fundo e regi\u00e3o\" href=\"https:\/\/www.trevipart.com\">para passo fundo e regi\u00e3o, venda para passo fundo e regi\u00e3o\u00a0athon residence contrutora athon residence contrutora passo fundo de venda em passo fundo, athon residence passo fundo e regi\u00e3o, apartamento passo fundo em passo fundo, venda venda trevipart athon residence contrutora passo fundo, athon residence em passo fundo rs, venda<\/a>, para passo fundo e regi\u00e3o, venda para passo fundo e regi\u00e3o\u00a0athon residence contrutora athon residence contrutora passo fundo de venda em passo fundo, athon residence passo fundo e regi\u00e3o, apartamento passo fundo em passo fundo, venda venda trevipart athon residence contrutora passo fundo, athon residence em passo fundo rs, venda, para passo fundo e regi\u00e3o, venda para passo fundo e regi\u00e3o\u00a0athon residence contrutora athon residence contrutora passo fundo de venda em passo fundo, athon residence passo fundo e regi\u00e3o, apartamento passo fundo em passo fundo, venda venda trevipart athon residence contrutora passo fundo, athon residence em passo fundo rs, venda, para passo fundo e regi\u00e3o,<a title=\"athon residence contrutora athon residence contrutora passo fundo de venda em passo fundo, athon residence passo fundo e regi\u00e3o, apartamento passo fundo em passo fundo, venda venda trevipart athon residence contrutora passo fundo, athon residence em passo fundo rs, venda, para passo fundo e regi\u00e3o, venda para passo fundo e regi\u00e3o\" href=\"https:\/\/www.trevipart.com\/site\">venda para passo fundo e regi\u00e3o\u00a0athon residence contrutora athon residence contrutora passo fundo de venda em passo fundo, athon residence passo fundo e regi\u00e3o, cria\u00e7\u00e3o de sit<\/a>es em passo fundo, venda venda trevipart athon residence contrutora passo fundo, athon residence em passo fundo rs, venda, para passo fundo e regi\u00e3o, venda para passo fundo e regi\u00e3o<\/h2>\n<div id=\"attachment_747\" style=\"width: 353px\" class=\"wp-caption aligncenter\"><a href=\"https:\/\/www.trevipart.com\/site\/wp-content\/uploads\/2013\/06\/per\u00edcia-m\u00e9dica-passo-fundo-rs.jpg\"><img decoding=\"async\" aria-describedby=\"caption-attachment-747\" class=\"size-full wp-image-747 \" title=\"athon residence contrutora athon residence contrutora passo fundo de venda em passo fundo\" src=\"https:\/\/www.trevipart.com\/site\/wp-content\/uploads\/2013\/06\/per\u00edcia-m\u00e9dica-passo-fundo-rs.jpg\" alt=\"athon residence contrutora athon residence contrutora passo fundo de venda em passo fundo\" width=\"343\" height=\"300\"  loading=\"lazy\" \/><\/a><p id=\"caption-attachment-747\" class=\"wp-caption-text\">athon residence contrutora athon residence contrutora passo fundo de venda em passo fundo<\/p><\/div>\n<\/div>\n","protected":false},"excerpt":{"rendered":"<p>athon residence passo fundo apartamento passo fundo, trevipart em passo fundo, venda, passo fundo RS, [&hellip;]<\/p>\n","protected":false},"author":1,"featured_media":0,"parent":0,"menu_order":0,"comment_status":"closed","ping_status":"closed","template":"template-athon.php","meta":{"footnotes":""},"class_list":["post-11","page","type-page","status-publish","hentry"],"_links":{"self":[{"href":"https:\/\/www.trevipart.com\/site\/wp-json\/wp\/v2\/pages\/11"}],"collection":[{"href":"https:\/\/www.trevipart.com\/site\/wp-json\/wp\/v2\/pages"}],"about":[{"href":"https:\/\/www.trevipart.com\/site\/wp-json\/wp\/v2\/types\/page"}],"author":[{"embeddable":true,"href":"https:\/\/www.trevipart.com\/site\/wp-json\/wp\/v2\/users\/1"}],"replies":[{"embeddable":true,"href":"https:\/\/www.trevipart.com\/site\/wp-json\/wp\/v2\/comments?post=11"}],"version-history":[{"count":2,"href":"https:\/\/www.trevipart.com\/site\/wp-json\/wp\/v2\/pages\/11\/revisions"}],"predecessor-version":[{"id":116,"href":"https:\/\/www.trevipart.com\/site\/wp-json\/wp\/v2\/pages\/11\/revisions\/116"}],"wp:attachment":[{"href":"https:\/\/www.trevipart.com\/site\/wp-json\/wp\/v2\/media?parent=11"}],"curies":[{"name":"wp","href":"https:\/\/api.w.org\/{rel}","templated":true}]}}